18
What is the remainder when 96499 is divided by 1321?
66
Calculate the remainder when 164652365 is divided by 1566.
1559
Calculate the remainder when 1685019 is divided by 2380.
2359
Calculate the remainder when 56080270 is divided by 1121.
3
Calculate the remainder when 135583 is divided by 4834.
231
Calculate the remainder when 280965 is divided by 1524.
549
What is the remainder when 83644895 is divided by 479?
478
What is the remainder when 75627 is divided by 2595?
372
What is the remainder when 261292 is divided by 481?
109
What is the remainder when 14809053 is divided by 443?
6
What is the remainder when 28061446 is divided by 98?
28
Calculate the remainder when 9105008 is divided by 3034997.
17
What is the remainder when 3320613 is divided by 301873?
10
What is the remainder when 11299169 is divided by 29272?
177
What is the remainder when 22696494 is divided by 12?
6
Calculate the remainder when 5205 is divided by 2259.
687
Calculate the remainder when 142842 is divided by 543.
33
What is the remainder when 908936 is divided by 908904?
32
Calculate the remainder when 396067 is divided by 128531.
10474
Calculate the remainder when 10718798 is divided by 97.
7
Calculate the remainder when 5352993 is divided by 5274.
5157
Calculate the remainder when 3089946 is divided by 386161.
658
Calculate the remainder when 77613 is divided by 404.
45
What is the remainder when 761714 is divided by 126946?
38
What is the remainder when 22654 is divided by 4575?
4354
Calculate the remainder when 141849718 is divided by 13.
10
Calculate the remainder when 394906 is divided by 30370.
96
What is the remainder when 1736937 is divided by 1800?
1737
What is the remainder when 159495 is divided by 26?
11
What is the remainder when 10835280 is divided by 12?
0
What is the remainder when 746077 is divided by 39267?
4
Calculate the remainder when 3558861 is divided by 40906.
39
What is the remainder when 110506 is divided by 168?
130
What is the remainder when 51608 is divided by 51511?
97
What is the remainder when 277175 is divided by 2149?
2103
Calculate the remainder when 1268906 is divided by 508.
430
Calculate the remainder when 1233712 is divided by 146.
12
What is the remainder when 143914 is divided by 640?
554
What is the remainder when 7540 is divided by 1975?
1615
Calculate the remainder when 264653 is divided by 2374.
1139
Calculate the remainder when 675201 is divided by 14.
9
What is the remainder when 28793442 is divided by 99?
84
What is the remainder when 9308254 is divided by 2327063?
2
Calculate the remainder when 62767 is divided by 79.
41
What is the remainder when 6911375 is divided by 118?
115
Calculate the remainder when 10091781 is divided by 2482.
2451
Calculate the remainder when 458010 is divided by 786.
558
What is the remainder when 18210105 is divided by 4192?
57
What is the remainder when 5034830 is divided by 32?
14
Calculate the remainder when 3081865 is divided by 440254.
87
Calculate the remainder when 1254007 is divided by 2614.
1901
What is the remainder when 355684 is divided by 14219?
209
What is the remainder when 532096 is divided by 730?
656
Calculate the remainder when 1014502 is divided by 353.
333
Calculate the remainder when 596005 is divided by 2580.
25
What is the remainder when 43529264 is divided by 27?
26
Calculate the remainder when 2237281 is divided by 3981.
3940
Calculate the remainder when 873794 is divided by 288.
2
What is the remainder when 197546 is divided by 1811?
147
Calculate the remainder when 5314137 is divided by 5314131.
6
Calculate the remainder when 5837913 is divided by 689.
16
Calculate the remainder when 105505 is divided by 1199.
1192
What is the remainder when 59088017 is divided by 254?
251
Calculate the remainder when 27272571 is divided by 823.
820
What is the remainder when 10058417 is divided by 138?
11
What is the remainder when 3165523 is divided by 45877?
10
What is the remainder when 66821 is divided by 2149?
202
What is the remainder when 161617 is divided by 1214?
155
Calculate the remainder when 3657653 is divided by 50.
3
What is the remainder when 1314 is divided by 515?
284
Calculate the remainder when 40495 is divided by 12.
7
What is the remainder when 120531 is divided by 989?
862
Calculate the remainder when 66127 is divided by 32462.
1203
What is the remainder when 484041 is divided by 10756?
21
Calculate the remainder when 9574102 is divided by 8197.
6
What is the remainder when 11080 is divided by 2247?
2092
What is the remainder when 76311143 is divided by 247?
246
What is the remainder when 229350 is divided by 229305?
45
What is the remainder when 42117 is divided by 842?
17
Calculate the remainder when 10375661 is divided by 2593908.
29
Calculate the remainder when 738509 is divided by 332.
141
What is the remainder when 213528 is divided by 248?
0
Calculate the remainder when 39222836 is divided by 209.
15
Calculate the remainder when 293691 is divided by 107.
83
Calculate the remainder when 3451508 is divided by 47.
16
Calculate the remainder when 738114 is divided by 245525.
1539
What is the remainder when 17209 is divided by 5582?
463
Calculate the remainder when 5303 is divided by 4336.
967
Calculate the remainder when 2092064 is divided by 151.
110
Calculate the remainder when 983700 is divided by 9550.
50
What is the remainder when 132579 is divided by 4882?
765
Calculate the remainder when 7782370 is divided by 14227.
201
What is the remainder when 797721 is divided by 1480?
1
What is the remainder when 52305 is divided by 15762?
5019
Calculate the remainder when 666664 is divided by 1602.
232
What is the remainder when 2888484 is divided by 279?
276
Calculate the remainder when 164514 is divided by 286.
64
Calculate the remainder when 20357828 is divided by 484710.
8
What is the remainder when 1537348 is divided by 26?
20
Calculate the remainder when 62921 is divided by 192.
137
What is the remainder when 25468579 is divided by 542?
541
Calculate the remainder when 13468058 is divided by 2244673.
20
Calculate the remainder when 4402292 is divided by 2201133.
26
Calculate the remainder when 17963 is divided by 5569.
1256
Calculate the remainder when 180138 is divided by 1979.
49
What is the remainder when 37561873 is divided by 19759?
14
What is the remainder when 1128170 is divided by 556?
46
Calculate the remainder when 284460 is divided by 1237.
1187
What is the remainder when 6137098 is divided by 45?
43
Calculate the remainder when 4589936 is divided by 71.
70
What is the remainder when 4856808 is divided by 34941?
9
Calculate the remainder when 78384144 is divided by 254.
252
What is the remainder when 281867 is divided by 2998?
55
What is the remainder when 18626937 is divided by 545?
472
Calculate the remainder when 52014 is divided by 1636.
1298
Calculate the remainder when 9532163 is divided by 3177314.
221
Calculate the remainder when 648446 is divided by 229.
147
What is the remainder when 212346 is divided by 4268?
3214
Calculate the remainder when 14104351 is divided by 1007453.
9
Calculate the remainder when 2354901 is divided by 102387.
0
What is the remainder when 244532 is divided by 570?
2
Calculate the remainder when 52869 is divided by 1322.
1311
Calculate the remainder when 8689445 is divided by 370.
365
Calculate the remainder when 89810 is divided by 1248.
1202
What is the remainder when 110357 is divided by 256?
21
Calculate the remainder when 430039 is divided by 11881.
2323
Calculate the remainder when 1761051 is divided by 610.
591
What is the remainder when 291874 is divided by 145921?
32
Calculate the remainder when 439647 is divided by 219435.
777
What is the remainder when 13775570 is divided by 31523?
19
Calculate the remainder when 14579357 is divided by 18247.
4
What is the remainder when 193549885 is divided by 19209?
1
Calculate the remainder when 93271460 is divided by 350.
310
Calculate the remainder when 843472 is divided by 7957.
30
Calculate the remainder when 1327379 is divided by 28856.
3
Calculate the remainder when 27711 is divided by 77.
68
Calculate the remainder when 5483606 is divided by 1370896.
22
What is the remainder when 17587 is divided by 6234?
5119
What is the remainder when 3693293 is 